-7*g**2 + 10*g + 962. What is p(19)?
-1375
Let f(s) = 12288*s + 245654. What is f(-20)?
-106
Let b(u) = 3*u**2 - 615*u + 14912. Calculate b(28).
44
Let h(t) = -2308*t - 1800229. What is h(-780)?
11
Let n(m) = m**3 + 63*m**2 + 323*m - 474. Give n(-57).
609
Let q(w) = 5*w**2 - 2940*w + 17629. Calculate q(6).
169
Let a(i) = 2*i**3 - 116*i**2 + 204*i + 192. Calculate a(56).
-928
Let l(r) = 17167*r - 14042609. What is l(818)?
-3
Let o(x) = 3*x - 307. Calculate o(28).
-223
Let i(r) = -3039*r + 32063. Calculate i(12).
-4405
Let i(k) = 2*k**3 + 35*k**2 - 821*k - 49. Calculate i(-31).
-545
Let x(i) = i**3 - 465*i**2 + 1147*i - 316915. Calculate x(464).
-3
Let d(n) = -16*n**2 - 245*n + 9. Determine d(-15).
84
Let y(x) = 594*x - 14201. Determine y(25).
649
Let z(t) = -t**2 + 1097*t - 103273. Give z(104).
-1
Let g(t) = -10*t**2 + 84*t - 720. Calculate g(9).
-774
Let r(u) = 78*u**3 - 4*u**2 + 149*u + 152. Determine r(-1).
-79
Let c(g) = 33*g**2 - 190*g + 16. Give c(7).
303
Let c(u) = -1193*u - 9556. What is c(-8)?
-12
Let b(w) = -2*w**3 - 484*w**2 - 34*w - 8330. Determine b(-242).
-102
Let s(p) = 1006*p - 16439. What is s(12)?
-4367
Let v(u) = 2*u**2 - 38*u - 2010. Determine v(-27).
474
Let u(o) = o**3 + 7*o**2 - 10464*o - 73277. Give u(-7).
-29
Let g(y) = 103*y - 15368. Calculate g(149).
-21
Let k(x) = -1036*x + 10490. Give k(11).
-906
Let w(y) = -2*y**3 - 26*y**2 + 201*y + 379. Give w(-18).
1
Let a(d) = 3*d**3 - 11*d**2 - 10*d + 334. Give a(0).
334
Let t(c) = -7*c**3 - 24*c**2 - 53*c + 16. Calculate t(-4).
292
Let d(a) = -3*a**3 - 253*a**2 + 578*a + 12734. Calculate d(-86).
6
Let r(k) = k**2 + 1087*k - 56861. Determine r(50).
-11
Let s(k) = 10*k**3 + 25*k**2 + 57*k + 9. What is s(-2)?
-85
Let k(q) = 3424*q + 5012741. Give k(-1464).
5
Let c(q) = q**3 + 134*q**2 + 4388*q - 77. Determine c(-77).
0
Let t(l) = l**2 - 9759*l + 107198. Calculate t(11).
-30
Let s(k) = -11*k**2 + 197*k + 689. Give s(21).
-25
Let c(n) = -n**3 + 6*n**2 - 3*n - 64. What is c(6)?
-82
Let t(d) = -d**3 - 6*d**2 + 1050*d - 128. What is t(-36)?
952
Let r(f) = 962*f - 107758. What is r(112)?
-14
Let q(h) = -h**3 + 75*h**2 - 1332*h + 4643. Determine q(20).
3
Let a(v) = -14478*v + 2114046. What is a(146)?
258
Let i(f) = 32*f**3 - 22*f**2 + 3*f + 167. Determine i(-3).
-904
Let y(g) = -g**3 + 35*g**2 + 42*g - 2579. Calculate y(34).
5
Let g(d) = 11*d**2 + 452*d + 8261. Give g(-29).
4404
Let k(h) = -5853*h - 152161. Determine k(-26).
17
Let u(g) = -g**3 - 47*g**2 - 210*g - 171. Give u(-43).
1463
Let b(j) = -421*j - 7053. What is b(-17)?
104
Let n(c) = -395*c - 20100. Give n(-51).
45
Let x(q) = -q**3 - 180*q**2 + 566*q - 561. What is x(-183)?
-3672
Let q(x) = -x**2 - 956*x - 124777. Give q(-156).
23
Let x(m) = -216*m + 28664. Give x(136).
-712
Let q(b) = 67*b**2 + 550*b + 100. Give q(-8).
-12
Let x(y) = -85*y**2 - 29*y + 31. Calculate x(4).
-1445
Let a(i) = -5564*i + 183612. Give a(33).
0
Let h(f) = 1106*f - 272079. Calculate h(246).
-3
Let d(h) = -902*h + 7073. Calculate d(9).
-1045
Let f(m) = -2508*m + 406309. Determine f(162).
13
Let l(w) = w**2 - 5375*w - 64581. What is l(-12)?
63
Let a(b) = b**3 + 19*b**2 - 102*b - 1130. Give a(-17).
1182
Let a(n) = 3*n**3 + 206*n**2 + 1709*n - 121. Determine a(-59).
-3
Let a(y) = -7688*y - 330595. What is a(-43)?
-11
Let u(z) = -62008*z - 620120. Give u(-10).
-40
Let y(h) = -950*h**2 - 34206*h - 198. Calculate y(-36).
18
Let v(x) = -x**3 - 65*x**2 + 247*x + 6716. Give v(-9).
-43
Let c(p) = -68*p - 9189. What is c(-132)?
-213
Let n(f) = -575*f**2 + 5019*f - 5020. Determine n(1).
-576
Let x(k) = 2*k**3 + 214*k**2 + 5038*k - 2668. Calculate x(-36).
-4
Let r(v) = -8765*v - 394373. What is r(-45)?
52
Let y(f) = -67*f**2 - 16610*f + 1491. Calculate y(-248).
3
Let j(z) = -16*z**2 + 501*z - 3911. Give j(16).
9
Let j(a) = 328630*a - 1643146. Determine j(5).
4
Let f(h) = -h**3 + 367*h**2 + 3125*h - 880814. Determine f(369).
-11
Let z(c) = 13*c**2 - 1348*c + 775. Determine z(103).
-152
Let v(k) = -14*k**3 + 6622*k**2 + 22*k - 10399. Determine v(473).
7
Let w(i) = 2769*i**3 + 11*i**2 - 218*i - 228. Determine w(-1).
-2768
Let y(a) = -a**3 - 35*a**2 + 10695*a + 374314. Calculate y(-35).
-11
Let y(f) = -1654*f - 43055. Determine y(-26).
-51
Let r(b) = 843*b + 6539. Determine r(-8).
-205
Let l(r) = -956*r**2 + 39194*r + 79. Give l(41).
-3
Let c(f) = -100328*f + 2307566. Calculate c(23).
22
Let r(l) = -106*l**2 + 773*l + 591. Give r(8).
-9
Let o(w) = -4*w**3 + 146*w**2 + 846*w - 33107. What is o(36)?
-59
Let m(a) = -a**2 + 8*a + 1222. What is m(46)?
-526
Let x(d) = 79*d**3 - 36*d**2 + 661*d - 3. Determine x(0).
-3
Let t(n) = n**3 + 64*n**2 - 1367*n + 249. Calculate t(-81).
-561
Let p(w) = 1464*w + 405530. Give p(-277).
2
Let s(c) = c**3 - 438*c**2 + 12982*c + 284. What is s(32)?
-36
Let r(f) = -39*f**2 - 744*f + 319. Give r(-22).
-2189
Let x(b) = -178*b - 9071. Calculate x(-52).
185
Let w(d) = 4550*d - 1142041. Determine w(251).
9
Let q(r) = 1632*r - 109412. What is q(67)?
-68
Let i(l) = -69*l - 9685. Give i(-136).
-301
Let o(j) = 574291*j - 2297209. What is o(4)?
-45
Let y(d) = -6*d**3 - 37*d**2 + 557*d - 6. Determine y(7).
22
Let f(r) = r**3 + 182*r**2 + 4517*r - 1285. Give f(-30).
5
Let g(y) = -116*y - 528. Give g(22).
-3080
Let v(n) = -2*n**2 + 335*n - 12980. What is v(107)?
-33
Let t(z) = -3*z**2 + 2500*z + 2503. What is t(-1)?
0
Let p(a) = -43124*a + 2113084. Determine p(49).
8
Let g(a) = -a**3 - 3313*a**2 + 566590*a - 361. Give g(163).
-35
Let m(x) = -2*x**3 - 304*x**2 - 1373*x + 2248. Calculate m(-6).
-26
Let l(f) = 55*f**2 - 1805*f - 218. Determine l(34).
1992
Let b(t) = -58*t**2 - 15*t + 137. Give b(5).
-1388
Let f(u) = -517*u + 1040. Determine f(2).
6
Let z(d) = 2*d**3 - 4*d**2 + 45746*d + 229086. Determine z(-5).
6
Let b(q) = -375*q**2 - 33380*q - 450. Give b(-89).
-5
Let c(z) = -120*z + 6346. Give c(43).
1186
Let z(o) = o**3 + 42*o**2 + 395*o + 44. Calculate z(-17).
554
Let k(w) = -6*w**3 - 7*w**2 - 2*w - 110. What is k(-3)?
-5
Let q(z) = 8339*z + 633779. Calculate q(-76).
15
Let h(a) = 3*a**3 - 206*a**2 + 116*a + 556. Calculate h(68).
-804
Let z(p) = 680*p + 84992. Give z(-125).
-8
Let o(u) = -3*u**3 + 341*u**2 - 339*u + 12722. Give o(113).
-47
Let w(s) = s**3 + 26*s**2 + 23*s - 201. Give w(-3).
-63
Let k(h) = 2*h**2 + 59*h - 48721. Calculate k(142).
-15
Let b(o) = 1344*o - 1047. Determine b(1).
297
Let k(s) = s**2 - 46964*s + 17. Determine k(0).
17
Let f(y) = -71*y**2 + 2409*y + 274. Calculate f(34).
104
Let j(f) = -18532*f + 1074859. What is j(58)?
3
Let r(h) = 198*h + 16721. What is r(-79)?
1079
Let c(l) = -l**3 + 32*l**2 - 54*l - 586. Determine c(30).
-406
Let d(t) = 98*t**2 - 14221*t + 1568. Determine d(145).
-27
Let z(t) = t**3 + 404*t**2 - 700*t + 45477. Give z(-406).
5
Let t(y) = 8123*y**2 + 235569*y + 53. What is t(-29)?
-5
Let v(o) = -2*o**2 - 170*o - 3970. What is v(-66)?
-1462
Let j(f) = f**3 + 59*f**2 - 1225*f - 11. What is j(-75)?
1864
Let y(m) = m**2 - 19875*m - 816567. What is y(-41)?
-11
Let h(g) = -5*g**3 + 11*g**2 + 512*g - 131. Give h(11).
177
Let b(j) = -34*j**3 + 20*j**2 + 45*j + 18. Give b(-2).
280
Let y(p) = 220*p - 506. What is y(2)?
-66
Let c(x) = -x**3 - 88*x**2 + 1155*x - 16056. Determine c(-101).
-98
Let x(k) = -k**3 + 5*k**2 + 526787*k - 2107168. Give x(4).
-4
Let l(c) = -c**2 - 201*c + 376. Give l(2).
-30
Let t(g) = g**2 - 13718*g + 109708. What is t(8)?
28
Let p(b) = 20*b**2 - 1241*b + 16387. What is p(43)?
4
Let q(u) = -u**3 - 151*u**2 + 13336*u - 40544. Give q(60).
16
Let b(k) = k**3 - 20*k**2 - 7*k + 88. Calculate b(19).
-406
Let w(i) = -393*i + 8066. Determine w(20).
206
Let l(y) = 4*y**2 - 309*y - 908. Give l(83).
1001
Let r(k) = 189*k**3 - 1755*k**2 + 484*k + 10. What is r(9)?
-8
Let l(j) = -4862077*j + 34034542. Give l(7).
3
Let a(v) = -16718*v + 151633. What is a(9)?
1171
Let f(h) = -158*h**2 - 214*h - 430. Give f(-2).
-634
Let b(i) = 114*i**2 - 47528*i - 4162. Calculate b(417).
8
Let i(f) = 22*f + 1305. Calculate i(-6).
1173
Let v(g) = -6752*g + 60649. Determine v(9).
-119
Let z(q) = 6*q**3 + 59*q**2 - 7*q + 4. Give z(-12).
-1784
Let x(t) = -4*t**2 - 3592*t - 17855. What is x(-5)?
5
Let s(h) = h**2 + 37947*h + 227646. What is s(-6)?
0
Let x(a) = -777*a + 12524. Determine x(16).
92
Let l(r) = -538*r - 5911. What is